{"id":423,"date":"2025-01-06T14:14:43","date_gmt":"2025-01-06T17:14:43","guid":{"rendered":"https:\/?page_id=423"},"modified":"2025-01-13T13:38:35","modified_gmt":"2025-01-13T16:38:35","slug":"certificacoes","status":"publish","type":"page","link":"https:\/\/produtosmavi.com.br\/?page_id=423","title":{"rendered":"Certifica\u00e7\u00f5es"},"content":{"rendered":"\t\t<div data-elementor-type=\"wp-page\" data-elementor-id=\"423\" class=\"elementor elementor-423\">\n\t\t\t\t<div class=\"elementor-element elementor-element-f468e65 e-flex e-con-boxed e-con e-parent\" data-id=\"f468e65\" data-element_type=\"container\" data-e-type=\"container\">\n\t\t\t\t\t<div class=\"e-con-inner\">\n\t\t\t\t<div class=\"elementor-element elementor-element-0c1f815 elementor-invisible elementor-widget elementor-widget-heading\" data-id=\"0c1f815\" data-element_type=\"widget\" data-e-type=\"widget\" data-settings=\"{&quot;_animation&quot;:&quot;fadeInLeft&quot;}\" data-widget_type=\"heading.default\">\n\t\t\t\t\t<h2 class=\"elementor-heading-title elementor-size-default\">Confira aqui, todas as certifica\u00e7\u00f5es que a Mav\u00ed tem, que trazem seguran\u00e7a e credibilidade aos nossos produtos e nossas instala\u00e7\u00f5es:<\/h2>\t\t\t\t<\/div>\n\t\t\t\t\t<\/div>\n\t\t\t\t<\/div>\n\t\t<div class=\"elementor-element elementor-element-b004da8 e-grid e-con-boxed e-con e-parent\" data-id=\"b004da8\" data-element_type=\"container\" data-e-type=\"container\">\n\t\t\t\t\t<div class=\"e-con-inner\">\n\t\t\t\t<div class=\"elementor-element elementor-element-e85766b elementor-invisible elementor-widget elementor-widget-image\" data-id=\"e85766b\" data-element_type=\"widget\" data-e-type=\"widget\" data-settings=\"{&quot;_animation&quot;:&quot;fadeInLeft&quot;}\" data-widget_type=\"image.default\">\n\t\t\t\t\t\t\t\t\t\t\t\t\t\t\t<img fetchpriority=\"high\" decoding=\"async\" width=\"300\" height=\"300\" src=\"https:\/\/produtosmavi.com.br\/wp-content\/uploads\/2025\/01\/6-1.png\" class=\"attachment-large size-large wp-image-430\" alt=\"\" srcset=\"https:\/\/produtosmavi.com.br\/wp-content\/uploads\/2025\/01\/6-1.png 300w, https:\/\/produtosmavi.com.br\/wp-content\/uploads\/2025\/01\/6-1-150x150.png 150w\" sizes=\"(max-width: 300px) 100vw, 300px\" \/>\t\t\t\t\t\t\t\t\t\t\t\t\t\t\t<\/div>\n\t\t\t\t<div class=\"elementor-element elementor-element-2e2cace elementor-invisible elementor-widget elementor-widget-image\" data-id=\"2e2cace\" data-element_type=\"widget\" data-e-type=\"widget\" data-settings=\"{&quot;_animation&quot;:&quot;fadeInLeft&quot;}\" data-widget_type=\"image.default\">\n\t\t\t\t\t\t\t\t\t\t\t\t\t\t\t<img decoding=\"async\" width=\"300\" height=\"300\" src=\"https:\/\/produtosmavi.com.br\/wp-content\/uploads\/2025\/01\/3-2.png\" class=\"attachment-large size-large wp-image-436\" alt=\"\" srcset=\"https:\/\/produtosmavi.com.br\/wp-content\/uploads\/2025\/01\/3-2.png 300w, https:\/\/produtosmavi.com.br\/wp-content\/uploads\/2025\/01\/3-2-150x150.png 150w\" sizes=\"(max-width: 300px) 100vw, 300px\" \/>\t\t\t\t\t\t\t\t\t\t\t\t\t\t\t<\/div>\n\t\t\t\t<div class=\"elementor-element elementor-element-242b733 elementor-invisible elementor-widget elementor-widget-image\" data-id=\"242b733\" data-element_type=\"widget\" data-e-type=\"widget\" data-settings=\"{&quot;_animation&quot;:&quot;fadeInLeft&quot;}\" data-widget_type=\"image.default\">\n\t\t\t\t\t\t\t\t\t\t\t\t\t\t\t<img decoding=\"async\" width=\"300\" height=\"300\" src=\"https:\/\/produtosmavi.com.br\/wp-content\/uploads\/2025\/01\/7-1.png\" class=\"attachment-large size-large wp-image-437\" alt=\"\" srcset=\"https:\/\/produtosmavi.com.br\/wp-content\/uploads\/2025\/01\/7-1.png 300w, https:\/\/produtosmavi.com.br\/wp-content\/uploads\/2025\/01\/7-1-150x150.png 150w\" sizes=\"(max-width: 300px) 100vw, 300px\" \/>\t\t\t\t\t\t\t\t\t\t\t\t\t\t\t<\/div>\n\t\t\t\t<div class=\"elementor-element elementor-element-9cf686b elementor-invisible elementor-widget elementor-widget-image\" data-id=\"9cf686b\" data-element_type=\"widget\" data-e-type=\"widget\" data-settings=\"{&quot;_animation&quot;:&quot;fadeInLeft&quot;}\" data-widget_type=\"image.default\">\n\t\t\t\t\t\t\t\t\t\t\t\t\t\t\t<img loading=\"lazy\" decoding=\"async\" width=\"300\" height=\"300\" src=\"https:\/\/produtosmavi.com.br\/wp-content\/uploads\/2025\/01\/5-1.png\" class=\"attachment-large size-large wp-image-429\" alt=\"\" srcset=\"https:\/\/produtosmavi.com.br\/wp-content\/uploads\/2025\/01\/5-1.png 300w, https:\/\/produtosmavi.com.br\/wp-content\/uploads\/2025\/01\/5-1-150x150.png 150w\" sizes=\"(max-width: 300px) 100vw, 300px\" \/>\t\t\t\t\t\t\t\t\t\t\t\t\t\t\t<\/div>\n\t\t\t\t<div class=\"elementor-element elementor-element-a698f42 elementor-invisible elementor-widget elementor-widget-image\" data-id=\"a698f42\" data-element_type=\"widget\" data-e-type=\"widget\" data-settings=\"{&quot;_animation&quot;:&quot;fadeInLeft&quot;}\" data-widget_type=\"image.default\">\n\t\t\t\t\t\t\t\t\t\t\t\t\t\t\t<img loading=\"lazy\" decoding=\"async\" width=\"300\" height=\"300\" src=\"https:\/\/produtosmavi.com.br\/wp-content\/uploads\/2025\/01\/2-1.png\" class=\"attachment-large size-large wp-image-426\" alt=\"\" srcset=\"https:\/\/produtosmavi.com.br\/wp-content\/uploads\/2025\/01\/2-1.png 300w, https:\/\/produtosmavi.com.br\/wp-content\/uploads\/2025\/01\/2-1-150x150.png 150w\" sizes=\"(max-width: 300px) 100vw, 300px\" \/>\t\t\t\t\t\t\t\t\t\t\t\t\t\t\t<\/div>\n\t\t\t\t<div class=\"elementor-element elementor-element-a803792 elementor-invisible elementor-widget elementor-widget-image\" data-id=\"a803792\" data-element_type=\"widget\" data-e-type=\"widget\" data-settings=\"{&quot;_animation&quot;:&quot;fadeInLeft&quot;}\" data-widget_type=\"image.default\">\n\t\t\t\t\t\t\t\t\t\t\t\t\t\t\t<img loading=\"lazy\" decoding=\"async\" width=\"300\" height=\"300\" src=\"https:\/\/produtosmavi.com.br\/wp-content\/uploads\/2025\/01\/1-1.png\" class=\"attachment-large size-large wp-image-425\" alt=\"\" srcset=\"https:\/\/produtosmavi.com.br\/wp-content\/uploads\/2025\/01\/1-1.png 300w, https:\/\/produtosmavi.com.br\/wp-content\/uploads\/2025\/01\/1-1-150x150.png 150w\" sizes=\"(max-width: 300px) 100vw, 300px\" \/>\t\t\t\t\t\t\t\t\t\t\t\t\t\t\t<\/div>\n\t\t\t\t<div class=\"elementor-element elementor-element-141aae3 elementor-invisible elementor-widget elementor-widget-image\" data-id=\"141aae3\" data-element_type=\"widget\" data-e-type=\"widget\" data-settings=\"{&quot;_animation&quot;:&quot;fadeInLeft&quot;}\" data-widget_type=\"image.default\">\n\t\t\t\t\t\t\t\t\t\t\t\t\t\t\t<img loading=\"lazy\" decoding=\"async\" width=\"300\" height=\"300\" src=\"https:\/\/produtosmavi.com.br\/wp-content\/uploads\/2025\/01\/4-1.png\" class=\"attachment-large size-large wp-image-428\" alt=\"\" srcset=\"https:\/\/produtosmavi.com.br\/wp-content\/uploads\/2025\/01\/4-1.png 300w, https:\/\/produtosmavi.com.br\/wp-content\/uploads\/2025\/01\/4-1-150x150.png 150w\" sizes=\"(max-width: 300px) 100vw, 300px\" \/>\t\t\t\t\t\t\t\t\t\t\t\t\t\t\t<\/div>\n\t\t\t\t\t<\/div>\n\t\t\t\t<\/div>\n\t\t\t\t<\/div>\n\t\t","protected":false},"excerpt":{"rendered":"<p>Confira aqui, todas as certifica\u00e7\u00f5es que a Mav\u00ed tem, que trazem seguran\u00e7a e credibilidade aos nossos produtos e nossas instala\u00e7\u00f5es:<\/p>\n","protected":false},"author":2,"featured_media":0,"parent":0,"menu_order":0,"comment_status":"closed","ping_status":"closed","template":"","meta":{"om_disable_all_campaigns":false,"_monsterinsights_skip_tracking":false,"_monsterinsights_sitenote_active":false,"_monsterinsights_sitenote_note":"","_monsterinsights_sitenote_category":0,"_uf_show_specific_survey":0,"_uf_disable_surveys":false,"_kadence_starter_templates_imported_post":false,"footnotes":""},"class_list":["post-423","page","type-page","status-publish","hentry"],"aioseo_notices":[],"_links":{"self":[{"href":"https:\/\/produtosmavi.com.br\/index.php?rest_route=\/wp\/v2\/pages\/423","targetHints":{"allow":["GET"]}}],"collection":[{"href":"https:\/\/produtosmavi.com.br\/index.php?rest_route=\/wp\/v2\/pages"}],"about":[{"href":"https:\/\/produtosmavi.com.br\/index.php?rest_route=\/wp\/v2\/types\/page"}],"author":[{"embeddable":true,"href":"https:\/\/produtosmavi.com.br\/index.php?rest_route=\/wp\/v2\/users\/2"}],"replies":[{"embeddable":true,"href":"https:\/\/produtosmavi.com.br\/index.php?rest_route=%2Fwp%2Fv2%2Fcomments&post=423"}],"version-history":[{"count":13,"href":"https:\/\/produtosmavi.com.br\/index.php?rest_route=\/wp\/v2\/pages\/423\/revisions"}],"predecessor-version":[{"id":610,"href":"https:\/\/produtosmavi.com.br\/index.php?rest_route=\/wp\/v2\/pages\/423\/revisions\/610"}],"wp:attachment":[{"href":"https:\/\/produtosmavi.com.br\/index.php?rest_route=%2Fwp%2Fv2%2Fmedia&parent=423"}],"curies":[{"name":"wp","href":"https:\/\/api.w.org\/{rel}","templated":true}]}}